(3). Let d = 213 + v. Does 24 divide d?
False
Suppose 226 = t + 3*c, 13*c - 12*c = 4*t - 904. Is t a multiple of 12?
False
Let o = 4 + -10. Let m be (-1)/((o/(-14))/3). Is 8 a factor of m/((-28)/(-8)) + 21?
False
Suppose -3*w = 5*z - 2455, w = -0*w - 2*z + 818. Is 20 a factor of w?
True
Let r(m) = 10*m - 5. Let b be r(2). Suppose -3*z + 0*z + b = 0. Suppose -5*v - 15 - 17 = -3*g, 5*g = -z*v. Is g a multiple of 4?
True
Suppose 0 = 8*n - 17 + 89. Let a(j) = -16*j. Let g be a(-2). Let o = n + g. Is o a multiple of 11?
False
Does 26 divide 20/6*13*81/5?
True
Let b be (36/60)/(2/10). Suppose 0*z + 132 = b*z. Does 18 divide z?
False
Let m be ((0 - -1)*-14)/(-2). Is (848/6)/1 - m/21 a multiple of 41?
False
Let r = -26 + 34. Suppose -h = -59 - r. Does 22 divide h?
False
Let g(i) = 3*i + 5. Let t be g(-7). Let z = t - -8. Let d(r) = -2*r + 14. Is d(z) a multiple of 15?
True
Let z = -26 - -40. Suppose 18*n - 416 = z*n. Is n a multiple of 8?
True
Let f(v) = v**2 - 6*v + 9. Does 29 divide f(12)?
False
Suppose -2*v + 608 = -498. Is 57 a factor of v?
False
Is 20 a factor of ((-70)/(-42) - 1)*30/1?
True
Suppose 4*m - 18 = -6. Suppose 0 = -m*j + 3*v + 3, -3*v = 4*j - 2*v + 11. Let n(q) = -6*q + 4. Does 8 divide n(j)?
True
Let m = -48 + 57. Does 19 divide ((m/(-6))/1)/((-15)/740)?
False
Let f = -195 + 291. Is f a multiple of 32?
True
Let v be 12/(-7)*(-14)/4. Suppose 2*n - 30 = f, -v*n + n - f = -68. Is 3 a factor of n?
False
Is 70 a factor of 1575*(2/15 + (-72)/(-135))?
True
Let y = -2 - 1. Is 21 a factor of 73 + 7/((-21)/2)*y?
False
Is 24 a factor of (-39 + -4)*(-3)/((-12)/(-8))?
False
Suppose -2*p + 2*g + 12 = 0, p - 2*g - 4 = 3*p. Suppose -115 = -p*k + 75. Suppose 2*h - 37 - k = 0. Is h a multiple of 11?
True
Suppose -17 + 779 = -3*o. Let f = o - -424. Is f a multiple of 25?
False
Let d = -1577 + 3127. Is d a multiple of 11?
False
Let m(r) = -r**3 + r**2 + 4*r + 250. Is m(0) a multiple of 50?
True
Let a(o) = -o + 15. Let y be a(13). Suppose 0 = -y*f + 220 + 52. Is 29 a factor of f?
False
Suppose 4*k + 46 = 2*n, -5*n - 5*k + 0*k = -145. Suppose 5*q + 80 = 5*c, -q = c + q - 22. Let a = c + n. Is 9 a factor of a?
True
Let z = -1724 + 4112. Is 72 a factor of z?
False
Suppose c = -3*d - 105, 4*c + 68 = -4*d - 64. Let k = d + 305. Is 36 a factor of k?
False
Let p(u) = 5*u**3 - 2*u**2 + 12*u + 1. Does 12 divide p(5)?
True
Let w(i) = -7*i**2 + 9*i + 26. Let y(l) = -20*l**2 + 27*l + 78. Let n(u) = 17*w(u) - 6*y(u). Is 8 a factor of n(15)?
True
Let k = 35 - 29. Let z be (2832/(-18))/((-4)/k). Suppose 326 = 5*b + 4*o, 4*b + 2*o - 5*o = z. Is b a multiple of 18?
False
Let l = 213 + -120. Let k = 74 + -45. Suppose -l + k = -h. Is h a multiple of 32?
True
Let c(m) = 18*m**3 + 2*m - 4. Let x = -54 + 56. Is 24 a factor of c(x)?
True
Let a be (-3114)/(-24) - 2/(-8). Suppose a = 2*n + 2*c, 5*n = -2*c + 3*c + 295. Does 20 divide n?
True
Suppose -43 = y - 143. Is y a multiple of 50?
True
Let f(r) = -r**2 + 5*r - 2. Let p be f(5). Let n = 3 + p. Is (-43)/(-2) - n/(-2) a multiple of 4?
False
Let z(t) = 6*t**2 - 15*t - 33. Does 44 divide z(11)?
True
Let g = 270 - 568. Let o = -205 - g. Is o a multiple of 27?
False
Suppose 5*l - 5*o = 90, 156 = 4*l + 3*o + 49. Let x be 4/10 + l/5. Suppose w - 96 = -w - x*d, -4*d = 5*w - 206. Is 12 a factor of w?
False
Let y(p) = p**3 + 5*p**2 + 3*p - 14. Is y(7) a multiple of 11?
False
Suppose 41 + 65 = 2*j. Suppose 5*f + 3*x - j - 172 = 0, 4*f + 5*x = 180. Is 9 a factor of ((-60)/f)/((-2)/123)?
False
Let z be 3*(-6)/9 - 4. Let j(o) = -2*o - 12. Let d be j(z). Suppose 3*q - 123 + 27 = d. Is q a multiple of 16?
True
Let x(j) = -j**3 - 16*j**2 - 26*j + 23. Let w be x(-15). Suppose 0 = -3*n - n + w. Does 7 divide n?
False
Suppose -2*p - 10 = 2*u, 4*p + 0*p - 4 = 2*u. Does 3 divide (-3)/(100/(-24) - u)?
True
Let t(c) = -11 - 2 + c**2 - 3*c + c. Suppose 21*v = -14 + 182. Is 5 a factor of t(v)?
True
Suppose 2*h - o - 5 = -3, -3*h - 4*o + 25 = 0. Suppose 4*p = -h*l + 172 + 71, -3*l + 63 = p. Is p a multiple of 12?
True
Let k(o) = -2*o**2 + o - 4. Let h be k(2). Let u be 8/(-20) - 364/h. Let g = u + -23. Does 3 divide g?
False
Suppose 0 = 5*x - 2949 + 869. Suppose 4*f = 4*h + x, -2*h = 5 + 3. Is f a multiple of 20?
True
Let g = -10 - 77. Let c = -55 - g. Is c a multiple of 32?
True
Suppose 5*d - 3*a + 74 = 376, d + 5*a - 38 = 0. Suppose -3*s - 5*p = -d, p - 15 - 51 = -4*s. Is 5 a factor of s?
False
Let a be (20/5 - 5) + 12 + -1. Does 13 divide 282/1*a/15?
False
Is 63/441 - (-754)/14 even?
True
Suppose -698*m = -696*m - 900. Is m a multiple of 25?
True
Let p = -53 - -157. Is p a multiple of 13?
True
Let j be (-1 - -1 - 3)/(-1). Suppose 4*z - 4*l - 284 = 0, 3*z = -3*l - l + 220. Suppose z = j*d - 63. Is d a multiple of 13?
False
Suppose -34*w = -33*w - 432. Is 25 a factor of w?
False
Let m = -57 + 80. Let o = 295 + -271. Suppose -25*n = -m*n - o. Does 3 divide n?
True
Suppose m + 2*r - 242 = 0, 4*m - r = 868 + 136. Is m a multiple of 26?
False
Let u(w) = 34*w**2 + 11*w - 3. Is 12 a factor of u(-5)?
True
Does 137 divide (-6302*(-10)/(-20))/(-1)?
True
Let s(d) = 88*d + 1702. Is s(0) a multiple of 74?
True
Does 13 divide (-134 - 0 - 4)/(2/(-26))?
True
Let a = -8 - -790. Does 34 divide a?
True
Suppose 3*h - 2395 = -3*d + 2981, 4*h - 2*d = 7168. Does 8 divide h?
True
Is (12 - 13)/((9/(-244))/9) a multiple of 6?
False
Suppose -3*y = 9, -3*l + 3*y - 7 = -4*l. Suppose 0 = -4*g + 472 - l. Is 19 a factor of g?
True
Let u = -13 - -35. Let d be 22/121 - 356/u. Let i = -2 - d. Is i a multiple of 4?
False
Suppose -3*s = 2*h - 806, 13*h + s + 1612 = 17*h. Does 37 divide h?
False
Suppose 5*t - 3*p = 2*p + 290, -2*p + 184 = 3*t. Let d = 85 + t. Suppose 5*q - 1 = j - 11, 4*j = -q + d. Is j a multiple of 10?
False
Let r(p) = -27*p**2 + 5*p. Let h(f) = -18*f**2 + 3*f. Let b(v) = -8*h(v) + 5*r(v). Let z be b(-1). Suppose -w + 36 + z = 0. Is w a multiple of 22?
True
Let t(m) = -m**3 + 6*m**2 + 15*m + 12. Let r be t(8). Does 34 divide (-30)/40*-156 + r/1?
False
Let q be (1 - (-3 - -1))/1. Suppose -q*o - 1256 = -4*i - 179, -2*i = o - 541. Suppose -i = -3*m + 5*k, m + 5*k - 31 - 59 = 0. Does 16 divide m?
False
Let d be (4/4)/1 - 1. Suppose i - 4 = 0, i + d = -h + 7. Suppose 0 = h*q - 3*f - 9, -2*q - 3*f - 2*f = -41. Does 4 divide q?
True
Suppose 0 = -4*h + 5*y + 468, 8*y - 9*y = 0. Does 8 divide h?
False
Let z(w) = -33*w**3 + 3*w**2 + 5*w + 7. Is z(-2) a multiple of 7?
True
Let t(o) = 3*o - 22. Let x be t(6). Is 22 a factor of (x/4 - -9)*10?
False
Does 5 divide 5*7/35*31?
False
Let t(c) be the second derivative of c**5/20 + 7*c**4/12 + 5*c**2/2 + 6*c. Let q be t(-7). Suppose -37 = -z - 4*s + 2, q*z - 267 = 4*s. Is 12 a factor of z?
False
Is 37 a factor of 2/((-12)/(-714)) - 5?
False
Let r = 2 - 29. Let v = r + 27. Suppose h + v*h = 52. Does 12 divide h?
False
Suppose -5*k + 4*h + 20 = 0, 0 = 2*h + 6 + 4. Let x = k - -18. Is 3 a factor of (x/(-15))/3*-30?
True
Let z(u) = 3*u - 12. Let n be z(4). Suppose n = 10*x - 44 - 456. Does 16 divide x?
False
Suppose -5*h = -501 - 809. Is h a multiple of 7?
False
Let v(d) = -2*d**2 + 31*d - 24. Let w be v(12). Let l = w - 41. Does 19 divide l?
True
Suppose 5*p + 98 = -4*b, -2*p - 44 = -b + 5*b. Let v = p + 78. Is 20 a factor of v?
True
Suppose 0 = -v + 88 - 14. Is v a multiple of 6?
False
Let g(j) = 2*j**2 - 4*j - 2. Let y be g(-1). Suppose 7*o - 9*o + y*k + 434 = 0, 0 = o + k - 202. Does 17 divide o?
False
Let s be 9/(-24)*2*4. Does 8 divide (1 + s)*-12 + 0?
True
Let v = 7792 - 4366. Is 41 a factor of v?
False
Suppose 26*s = 24*s + 256. Does 5 divide s?
False
Let r(q) = -7*q + 14. Let x = -47 + 39. Is 10 a factor of r(x)?
True
Let i be -4 + (0/2)/(-2). Suppose t = 8 - 2. Does 14 divide (19*-3)/(t/i)?
False
Let g(c) = c**3 - 11*c**2 + 2*c - 4 - c - 3. Let d be g(11). Suppose -139 = -d*w + 293. Is w a multiple of 29?
False
Let m be 2/10 + 76/20. Suppose -66 = -m*j - 14. Does 5 divide j?
False
Is 25 a factor of 25126/15 + (-27)/405?
True
Let p(c) = c**3 - 4*c**2 - 8. Let n be p(5). Let k be (n - 8)*2/6. Suppose 3*r + k*d = 4*d + 77, -92 = -3*r + 4*d. Is 12 a factor of r?
True
Suppose -2*d + 5*w - 44 = -6*d, 4*w - 22 = -d. Let k be -1*4/(12/(-9)). Suppose k*j = d*j + 5*m - 81, -4*m - 140 = -4*j. Is 15 a factor of j?
False
Let o(v) = 4*v + 13